 base 9
18710
Convert -1001100110 (base 2) to base 15.
-2ae
Convert 44b (base 14) to base 15.
3bb
Convert -1322344 (base 5) to base 16.
-67e7
Convert -a879 (base 11) to base 5.
-424424
What is 3230 (base 5) in base 12?
308
-6704 (base 13) to base 16
-3821
What is -2203 (base 6) in base 3?
-200210
What is -222166 (base 7) in base 5?
-2223244
What is -1015 (base 8) in base 9?
-643
What is -461 (base 8) in base 11?
-258
Convert -61ac (base 13) to base 7.
-54224
-2355 (base 6) to base 5
-4300
What is 221303 (base 4) in base 7?
10541
Convert -351 (base 13) to base 16.
-23d
Convert -824 (base 12) to base 16.
-49c
What is -111101 (base 2) in base 13?
-49
Convert -320 (base 10) to base 2.
-101000000
Convert -1521 (base 10) to base 15.
-6b6
What is 2245 (base 7) in base 10?
817
Convert 2322 (base 11) to base 13.
1507
What is -353 (base 11) in base 8?
-645
-126a (base 11) to base 15
-74e
What is -2301 (base 8) in base 12?
-855
Convert 5436 (base 8) to base 13.
13ac
What is 1730 (base 12) in base 13?
1353
Convert 109c (base 13) to base 5.
33301
Convert 1013 (base 4) to base 9.
78
What is 79 (base 12) in base 14?
69
What is 2aa (base 13) in base 14?
262
What is -4121231 (base 5) in base 14?
-1a626
Convert 2aa5 (base 16) to base 10.
10917
Convert 2635 (base 9) to base 11.
1537
10000010011111 (base 2) to base 13
3a55
What is -100233 (base 4) in base 16?
-42f
Convert -5edf (base 16) to base 15.
-72e2
-30032 (base 5) to base 10
-1892
40655 (base 8) to base 9
25051
What is 101010111 (base 2) in base 4?
11113
Convert -2b (base 12) to base 4.
-203
Convert 564 (base 9) to base 14.
251
What is 20232 (base 8) in base 6?
102350
Convert -210333 (base 4) to base 14.
-c11
What is -2453 (base 6) in base 9?
-746
Convert -2a41 (base 13) to base 9.
-8368
Convert 2503 (base 12) to base 6.
31203
Convert f56 (base 16) to base 9.
5342
113303 (base 4) to base 16
5f3
What is 557 (base 9) in base 14?
249
Convert -11000 (base 3) to base 14.
-7a
What is 1a5 (base 11) in base 3?
22202
Convert 8221 (base 10) to base 16.
201d
-44231 (base 7) to base 8
-25530
6155 (base 8) to base 4
301231
Convert 443200 (base 5) to base 12.
8b15
-318 (base 14) to base 16
-262
201 (base 15) to base 12
317
Convert -1012022 (base 3) to base 4.
-31220
-3525 (base 10) to base 5
-103100
112121002 (base 3) to base 5
320030
What is 10926 (base 10) in base 12?
63a6
41053 (base 6) to base 4
1110321
Convert 345024 (base 6) to base 9.
44547
Convert -1200110 (base 4) to base 5.
-144124
Convert 2716 (base 16) to base 15.
2e71
What is -261 (base 15) in base 3?
-202001
What is 16143 (base 9) in base 8?
25457
What is -514 (base 14) in base 12?
-6b2
-1202211 (base 3) to base 8
-2413
-10101101001 (base 2) to base 9
-1808
What is 326 (base 16) in base 13?
4a0
Convert 1367 (base 15) to base 5.
113042
Convert -635 (base 14) to base 7.
-3365
What is -23143 (base 5) in base 8?
-3211
6313 (base 16) to base 2
110001100010011
110211 (base 3) to base 2
101011010
Convert 34477 (base 12) to base 13.
259c3
Convert 114d (base 14) to base 4.
233001
What is -5500 (base 10) in base 15?
-196a
Convert -49434 (base 10) to base 14.
-14030
What is -10010221 (base 3) in base 2?
-100011110101
-3897 (base 16) to base 11
-a980
-120222 (base 4) to base 2
-11000101010
What is -222211 (base 3) in base 9?
-884
-3222 (base 7) to base 6
-5143
171 (base 11) to base 10
199
12303 (base 4) to base 13
276
Convert 2424 (base 7) to base 5.
12100
612 (base 8) to base 2
110001010
What is -41967 (base 10) in base 9?
-63510
Convert a81 (base 12) to base 7.
4324
What is 10220201 (base 3) in base 6?
21114
What is -1215023 (base 6) in base 14?
-19783
What is -3833 (base 13) in base 15?
-2575
What is 1044 (base 5) in base 11?
126
Convert 22 (base 9) to base 11.
19
What is -1101241 (base 5) in base 11?
-13264
Convert 1383 (base 10) to base 12.
973
Convert -3cfe (base 16) to base 11.
-10805
Convert -55435 (base 8) to base 2.
-101101100011101
Convert -480 (base 11) to base 7.
-1445
What is 391 (base 15) in base 14?
41d
1000000110000 (base 2) to base 10
4144
Convert 142 (base 11) to base 13.
cb
-bee (base 15) to base 9
-3628
Convert -1221100221 (base 3) to base 7.
-216205
Convert 5550 (base 7) to base 13.
ba6
-53c3 (base 13) to base 7
-45653
Convert -20542 (base 6) to base 12.
-1752
What is -212232 (base 4) in base 10?
-2478
-333032 (base 4) to base 15
-12eb
What is 2203210 (base 5) in base 8?
112052
Convert 748 (base 15) to base 13.
995
1110 (base 11) to base 2
10110110111
3824 (base 9) to base 12
17a1
-2286b (base 14) to base 5
-10141413
1000101011111000 (base 2) to base 15
a81b
What is -2054 (base 6) in base 13?
-29b
Convert 54748 (base 9) to base 13.
136ca
What is 311 (base 13) in base 3?
201022
Convert -dc2 (base 14) to base 5.
-41333
8560 (base 10) to base 8
20560
What is 614 (base 8) in base 16?
18c
What is 11221 (base 10) in base 14?
4137
Convert 101011101101 (base 2) to base 13.
1372
What is -100100110 (base 2) in base 7?
-600
What is 6010 (base 8) in base 3?
11020002
Convert -2131 (base 5) to base 2.
-100100011
What is 202230 (base 4) in base 15?
9d0
215232 (base 7) to base 14
db19
-479 (base 13) to base 14
-3d6
What is 1001001011101 (base 2) in base 11?
3594
-1421 (base 8) to base 9
-1062
Convert 2223321 (base 4) to base 9.
16073
Convert 145310 (base 6) to base 11.
a6a8
What is 416 (base 8) in base 10?
270
Convert -579 (base 15) to base 4.
-103113
Convert 1011110100110100 (base 2) to base 5.
3022221
What is 1104322 (base 5) in base 4?
10232021
10310 (base 5) to base 4
23001
What is 734 (base 8) in base 9?
578
-3166 (base 11) to base 3
-12202001
What is 431 (base 10) in base 14?
22b
360 (base 11) to base 6
1553
Convert 11342 (base 6) to base 12.
b52
What is -5683 (base 13) in base 9?
-17541
Convert -7730 (base 9) to base 10.
-5697
What is -1543 (base 6) in base 4?
-12213
What is 1472 (base 8) in base 13?
4b7
What is -4284 (base 9) in base 16?
-c52
Convert -75 (base 12) to base 2.
-1011001
Convert aa2 (base 12) to base 10.
1562
Convert -193 (base 10) to base 6.
-521
What is 1563 (base 8) in base 5?
12013
e6a5 (base 15) to base 5
3030010
What is 471 (base 10) in base 5?
3341
110 (base 14) to base 2
11010010
-ae40 (base 16) to base 4
-22321000
What is 1101000001010 (base 2) in base 13?
305a
What is -1010001110110 (base 2) in base 3?
-21012000
Convert 100010000011 (base 2) to base 3.
2222201
Convert 379 (base 15) to base 6.
3353
What is 17090 (base 10) in base 16?
42c2
What is 33 (base 13) in base 15?
2c
Convert 2234 (base 5) to base 14.
18b
-222232 (base 4) to base 7
-10654
-1636 (base 7) to base 8
-1230
5974 (base 13) to base 12
7361
-220201 (base 3) to base 10
-667
-10ba (base 12) to base 11
-1450
What is 2132302 (base 4) in base 10?
10162
-202200 (base 3) to base 13
-33c
What is -3c73 (base 16) in base 10?
-15475
Convert -333 (base 4) to base 12.
-53
What is -ba (base 14) in base 3?
-20002
Convert -490 (base 12) to base 6.
-3100
What is 442d (base 15) in base 8?
34153
What is 3231 (base 4) in base 13?
153
Convert -887 (base 11) to base 5.
-13223
-4001 (base 5) to base 13
-2c7
-5719 (base 13) to base 6
-132234
-1101001001 (base 2) to base 16
-349
-1502 (base 8) to base 13
-4c2
What is 11102000 (base 3) in base 12?
1a39
What is 5011 (base 8) in base 7?
10330
What is 102 (base 11) in base 14?
8b
Convert -37132 (base 8) to base 16.
-3e5a
Convert -111101001 (base 2) to base 16.
-1e9
-221220100 (base 3) to base 12
-ab16
What is 491d (base 15) in base 12?
9001
What is 1020 (base 8) in base 10?
528
What is 435450 (base 7) in base 5?
4421002
-260 (base 8) to base 15
-bb
What is 131 (base 13) in base 3?
21202
What is 105 (base 14) in base 5?
1301
Convert 12222020 (base 3) to base 16.
1101
Convert 2101002 (base 3) to base 11.
1333
-295 (base 15) to base 2
-1001001110
Convert 2010121102 (base 3) to base 15.
c69b
-1b91 (base 16) to base 10
-7057
What is -4760 (base 16) in base 10?
-18272
Convert -17589 (base 10) to base 13.
-8010
1107 (base 10) to base 12
783
What is -202301 (base 4) in base 10?
-2225
What is -1341 (base 6) in base 15?
-184
What is 28 (base 9) in base 14?
1c
What is -65021 (base 7) in base 10?
-16136
What is 22110310 (base 4) in base 15?
c7e7
Convert 406 (base 11) to base 9.
604
353 (base 7) to base 12
135
117 (base 10) to base 7
225
Convert -3c7 (ba